 (-8308)/f. What is the highest common divisor of 26 and x?
26
Let c = -124 + 118. Let r(l) = -3*l**3 - 16*l**2 - 2*l - 8. Let f be r(c). Calculate the highest common factor of f and 19.
19
Let j(b) = -b**3 - 48*b**2 - 215*b + 22. Let z be j(-43). Let g = 9 + -2. Suppose -g*a + 88 = -5*a. Calculate the greatest common divisor of a and z.
22
Let z be 1677 + (28/(-2) + 27)*3/13. Calculate the greatest common factor of z and 1932.
84
Let s = -4675 + 4693. Calculate the greatest common divisor of 207 and s.
9
Suppose 38 - 152 = -6*j. Let b be -2 + -4 + 3 + j + 5. What is the highest common divisor of 28 and b?
7
Let n be (3 + 8)*(-2 - -5). Suppose n + 289 = 23*g. Calculate the highest common factor of g and 329.
7
Suppose -7 = 4*m + 113. Let w be (-104 + 0)*(-3 + m/(-12)). Calculate the highest common factor of 260 and w.
52
Let a(c) = 2*c**3 + 96*c**2 - 71*c - 144. Let f be a(-48). Calculate the highest common divisor of 1836 and f.
204
Suppose -703*d + 829*d - 71190 = 0. Calculate the highest common divisor of d and 7119.
113
Suppose 3963*m = 3967*m - 264. What is the greatest common divisor of m and 150?
6
Let r(t) = 13 - t**3 - 33 + 16 + 5*t**2 - 3*t. Let b be r(2). Calculate the greatest common factor of b and 8.
2
Suppose 0 = -52*w + 27*w + 1425. Calculate the highest common factor of 589 and w.
19
Suppose -4*n - 3*o = 406, 19*n - 5*o + 422 = 15*n. Let b = -33 - n. What is the greatest common factor of b and 10?
10
Let k(d) = -61*d + 7327. Let p be k(19). What is the highest common factor of 12 and p?
12
Let u = 34 - 29. Suppose f + 3*o = 4*o - u, -f + 10 = 2*o. Let q(n) = -2*n + 30. Let i be q(f). What is the highest common factor of i and 120?
30
Let x be (-24)/(-30) + -22*3715/(-25). Calculate the highest common factor of 30 and x.
30
Let j be ((-5)/7)/((-1 + -6)/49). Let c = -467 - -673. Suppose 5*y = -2*i + 30, -65 = j*i - 4*y - c. Calculate the highest common divisor of 275 and i.
25
Let v be (-4)/1*1 + -211. Let y = v - 625. Let a be (4/(-10))/(14/y). Calculate the highest common divisor of 8 and a.
8
Suppose -22 = -2*l - 12. Suppose 3*t - l*t = -600. What is the greatest common factor of 12 and t?
12
Let h = -3 + 9. Let w = 42 + -36. Let o = -2 + w. Calculate the highest common divisor of h and o.
2
Suppose -214287 = -174*y + 154097 + 130822. Calculate the greatest common divisor of y and 19.
19
Let q be 0 + 4 + 193 + 1. Suppose 4*g - 2*s = 444, 4*s + s - 540 = -5*g. Calculate the greatest common factor of g and q.
22
Suppose -5*g = -20, -24*p + 3*g = -28*p + 2380. Calculate the greatest common factor of 80 and p.
16
Let h be (55/(-1980)*-996)/(0 - (-1)/63). Calculate the greatest common factor of 231 and h.
21
Suppose -121*i = -115*i + 4638. Let l = 989 + i. What is the greatest common factor of l and 24?
24
Suppose r - 504 = -2*r. Let s be 16 - (1 + -5 + 8). Suppose s - 201 = -9*w. What is the greatest common factor of w and r?
21
Suppose 0 = -5*f - 4*j + 384, -17*j + 18*j + 324 = 4*f. What is the highest common factor of 40 and f?
40
Let i = -223 - -529. Let a = i - 136. What is the greatest common factor of a and 102?
34
Suppose -y - 7 = -2*g, 14*g + 22 = 19*g - 2*y. Calculate the greatest common factor of 7688 and g.
8
Suppose 78*s - 83*s + 1750 = 0. Suppose -s = -149*a + 144*a. What is the greatest common factor of a and 245?
35
Suppose 2*l = -354*q + 350*q + 274, 3*l - 5*q - 345 = 0. What is the greatest common factor of l and 39125?
125
Let h = -4350 - -13017. What is the greatest common factor of 107 and h?
107
Let l = 34 + 1. Suppose 1575 = 4*w + 5*w. What is the greatest common factor of w and l?
35
Let c = -2 + 3. Let n(x) = -568*x - 4525. Let h be n(-8). What is the greatest common divisor of h and c?
1
Suppose 17*v - 10*v - 595 = 0. Let x = -49 + v. Let f be (-18)/(-24)*(-4 - 2)*-12. Calculate the highest common factor of x and f.
18
Let i = -1443 + 6747. Calculate the highest common factor of i and 26.
26
Let a = 39 + 80. Let o(g) = 5*g**2 - g - 14. Let l be (12/(-18))/(2/9). Let m be o(l). Calculate the greatest common factor of a and m.
17
Suppose 40 = 5*v + 5*j, -2*v - 4*j + 10 = 2. Let s(w) = 5*w**3 - w**2 - w - 7. Let i be s(5). What is the greatest common factor of v and i?
12
Suppose -8 = -8*v + 8. Suppose -u = -5*q + 1081, -2*u + 330 = v*q - 100. Calculate the highest common factor of 24 and q.
24
Let m(y) = 7*y**2 + 12*y + 990. Let i be m(-21). What is the greatest common divisor of i and 1955?
85
Let p(c) = -2*c**2 + 110*c - 951. Let i be p(44). What is the greatest common factor of i and 2057?
17
Let s be 31*2 - 4/2. Let d(q) be the first derivative of q**4/4 - 3*q**3 - 2*q**2 + 30*q + 137. Let z be d(10). Calculate the highest common factor of s and z.
30
Let o be (255/68)/((-1)/(-348)). Suppose -7*n - o = -5*z - 2*n, 3*z = -3*n + 783. What is the highest common divisor of z and 29?
29
Suppose 2*u - 10078 = q, -189*q + 25165 = 5*u - 184*q. Calculate the greatest common factor of 69 and u.
69
Let f = -19 + -6. Let l = 23 + f. Let v be 1 + (l/(-2) - 0). Calculate the highest common divisor of v and 2.
2
Suppose 2476 = 2*n + 4*z, -20*z + 21*z = 2*n - 2481. What is the greatest common divisor of n and 775?
155
Suppose -4*j + 235*l = 231*l - 3792, -2*j - 2*l = -1860. What is the highest common divisor of 3 and j?
3
Let u be 16*(20/(-16) + 2). Let l = u + -4. Suppose -l*j + 8 = -8. Calculate the highest common divisor of 2 and j.
2
Suppose 0 = 27*h - 20*h - 21. Suppose 268 = h*c + 4*g, 5*g - 49 + 458 = 4*c. Calculate the greatest common divisor of c and 336.
48
Let l = 24 - -64. Let a be (2/2)/((-2)/(-6)). Suppose 3*p + 2*y - 76 = 0, -a*y - y = -20. What is the greatest common factor of p and l?
22
Let r be -8 + 65978*(-2)/(-11). What is the greatest common factor of 6 and r?
6
Let s(w) = 79*w + 1175. Let z be s(12). Calculate the greatest common divisor of z and 11.
11
Let g be (-2)/5 - 24/(-10). Let c = -1069 - -1093. Suppose -60 - c = -g*f. What is the greatest common divisor of 126 and f?
42
Suppose 121*t - 69*t - 1148 = 568. Calculate the highest common factor of t and 123.
3
Let c(p) = -9*p - 17. Let q be c(-5). Suppose 4*w = 24*t - 21*t - 68, -t + 29 = 5*w. Let k = t + -10. What is the greatest common factor of k and q?
14
Suppose -2*s - 108*s + 16128 = 226*s. Calculate the highest common factor of 22992 and s.
48
Let s be 2/(-13) - (44500/(-260) - -7). Calculate the highest common factor of s and 168.
4
Let t be 24 + 847/(-35) - 5511*(-1)/5. Calculate the highest common factor of 190 and t.
38
Suppose 7686 + 7590 = 76*z. Calculate the greatest common divisor of z and 1340.
67
Suppose -1313*g - 4665 = -1328*g. Calculate the greatest common divisor of g and 11.
1
Let q be -28 + 32 + -7*1 - (0 - 13). What is the greatest common factor of q and 9050?
10
Let t = -38513 + 38627. Suppose -3*l - 2*l = -30. What is the highest common divisor of l and t?
6
Suppose 0 = -21*j + 40*j - 209. Let n be (-33)/2*(-46)/3. Calculate the greatest common factor of j and n.
11
Let k = 17 + -17. Suppose -z + 2 = k, -5*z + 650 = 5*o - 0*z. Suppose 3*t - 3*c - 51 = 0, 2*c + 3 - 1 = 0. Calculate the greatest common factor of o and t.
16
Let l(i) = -i + 11. Let s be l(8). Suppose -5*w - 198 = -s*n + 138, -3*w = 0. Calculate the highest common factor of n and 16.
16
Let a(m) = m**2 + 42*m + 77. Let f be a(5). Let t = 65 + -17. Calculate the highest common divisor of f and t.
24
Suppose 0*o - 45 = -3*o. Let z(n) = -56*n - 7. Let d = -308 + 306. Let h be z(d). Calculate the highest common divisor of h and o.
15
Let o(i) = i**2 - 47*i + 66. Let b be o(27). Let k = 638 + b. Calculate the highest common factor of 8 and k.
4
Suppose -2*b = -n + 890, -6*n + 2*b = -3*n - 2682. Let s(p) = 16*p**2 - 304*p - 292. Let q be s(20). Calculate the highest common divisor of q and n.
28
Let q = 81 - 199. Let z = -104 - q. Let i(k) = -k**3 - 3*k**2 + 2*k + 2. Let r be i(-6). Calculate the greatest common factor of r and z.
14
Suppose -m = 1, -5*n + 4*m + 1138 = -3*n. What is the greatest common factor of n and 81?
81
Let k be (-4992)/20 - (4 + 18/(-5)). Let c = 370 + k. What is the highest common factor of c and 4?
4
Let q = 14500 + -12082. Calculate the highest common factor of q and 372.
186
Let o be (3 + (-18)/8)/((-11)/10648). Let f = o - -880